he units digit of 35 - (-3 + (0 - -8))?
0
Let q be 0/5 - 6/(-2). Suppose -2*x = 3*n + q*x - 18, 0 = 4*n - 4*x + 8. What is the units digit of n?
1
Suppose 0 = 9*l - 311 - 490. What is the tens digit of l?
8
Suppose q + 87 = 5*p - p, -4*q = 3*p + 310. Let a = -27 - q. What is the units digit of a?
2
Let u = 2 + 12. Suppose -2*w + 5*k = -40 + u, 0 = w + k - 6. What is the units digit of (2/(-1))/((-2)/w)?
8
Let v = -41 + 58. Suppose 2*m = 3*m + 5*d - v, 0 = 2*m - 2*d + 2. Suppose 4 = m*w, 0 = 5*o - w - w - 36. What is the units digit of o?
8
Let r(k) = -3*k**2 + k - 3. Let i(d) = 2*d**2 - d + 2. Let o(l) = 5*i(l) + 3*r(l). Let v be o(3). Suppose 1 + 3 = v*y. What is the units digit of y?
1
Let o = 22 + -8. What is the units digit of o?
4
Suppose 2*p = -2*p. Suppose -4*v = -y + 4*y - 39, 5*y - 39 = 2*v. Suppose p = -2*h - h + y. What is the units digit of h?
3
Suppose n = -2, -j + 5*j - 128 = -2*n. What is the tens digit of j?
3
Suppose -m = 4*m - 20. Suppose 90 = -m*x + 9*x. What is the units digit of x?
8
Let i = 6 + 18. What is the tens digit of i?
2
Let h be (-484)/(-24) - (-2)/(-12). Suppose 4*q = -2*m + h, 3*m + q - 31 = -4*q. What is the tens digit of m?
1
Let i = -11 + 161. What is the units digit of i?
0
Suppose -5*j = w - 89, w + 3*j - 192 = -w. What is the units digit of w?
9
Suppose 0 = -2*r + 2. What is the units digit of 18/3 - r*3?
3
Let y be -2 + (2 - (-30)/(-3)). Let h be 2/(-6) + 4/(-6). What is the units digit of h*2/1 - y?
8
Let j = 35 - -8. What is the tens digit of j?
4
What is the tens digit of (-1 - 14)*-69*10/75?
3
Let z(q) = 2*q + 36. What is the tens digit of z(15)?
6
Let s = 3 + -3. Suppose s = 5*r - 2*v - 64, -v + 12 + 19 = 2*r. What is the tens digit of r?
1
Let w be -1 - (0 + -2 - -3). What is the units digit of 10/5 - (w + -1)?
5
Suppose 61 = -5*f + 216. What is the tens digit of f?
3
What is the units digit of 2/((4 + -6)/(-26))?
6
Let v(a) = a**3 + a**2 + 3*a - 2. Let b(o) = -o - 3. Let m be b(-5). What is the tens digit of v(m)?
1
Let x be (-19)/5 + 3/(-15). What is the units digit of (2/x)/((-1)/10)?
5
Let a be (54/1)/3 - -1. Let t = a - 11. What is the units digit of t?
8
Let k(c) = c**3 + c**2 + 2*c + 2. Suppose 0 = 3*o - o + 4. Let r be k(o). What is the units digit of (4 - 1)*(-10)/r?
5
Let j(h) = -13*h**2 + 28*h - 17. Let a(g) = 3*g**2 - 7*g + 4. Let o be 3/(-3) - -1 - -2. Let u(m) = o*j(m) + 9*a(m). What is the units digit of u(7)?
2
Let o = -6 + 20. What is the units digit of o?
4
Suppose 5 = 4*u + w, -4*w = 5*u - 3*w - 7. What is the units digit of u/7 + 57/21?
3
Let b(t) be the second derivative of t**4/12 + t**3/2 + t**2 + t. Let p be b(-2). Suppose 5*q - 7 - 3 = p. What is the units digit of q?
2
Suppose 11 + 65 = 4*v. What is the units digit of v?
9
Let o(u) = -u**2 + 4*u - 2. Let t be o(4). Suppose 0 = -2*p - l - 17, -5*l = -4*p - 6 - 7. Let i = t - p. What is the units digit of i?
5
Let o(i) = 3*i**3 - 15*i**2 - i - 7. Let t(q) = 2*q**3 - 8*q**2 - 4. Let x(a) = -3*o(a) + 5*t(a). Suppose 4*n - 3 = 5*n. What is the units digit of x(n)?
0
Suppose 5*h + 2*s = -25, 3*h + 4*s = -19 + 4. Let i(g) = g**3 + 7*g**2 + 8*g + 7. What is the tens digit of i(h)?
1
Let n = 45 + -24. Let f = n + -13. What is the units digit of f?
8
Suppose 0 = 2*t - 5*t + 6. Suppose -3*p + 5*a = -t*p, 3 = p - 2*a. What is the units digit of p?
5
Let b = -3 + 5. Suppose b*i = 6, -2*i = -f - 3*i + 7. Suppose 14 = f*t - 2. What is the units digit of t?
4
Let w(d) be the third derivative of -d**4/24 + 10*d**3/3 + 2*d**2. What is the units digit of w(11)?
9
Suppose 2*p - 60 = 2*j - 6*j, -5*p - 3*j + 171 = 0. What is the tens digit of p?
3
Let s(f) = -f**3 - 5*f**2 - 4*f - 4. Let p(y) = 2*y**3 - y**2 - 2*y. Let c be p(-2). Let k = 11 + c. What is the units digit of s(k)?
6
What is the units digit of 22/3 - (-3)/(-9)?
7
Suppose -4*m = m + 5*z - 995, z = 0. What is the tens digit of m?
9
Suppose -5*r - 15 = 0, 0*x - 2*x + 4*r = -16. Let h be (-2)/(-3) - 12/(-9). Suppose -h = -3*n - z, n + 3*z = x*z. What is the units digit of n?
1
Let v(q) = -4*q + 17. Suppose 0 = 2*l - 4*x + 10, -x = -3*x - 2. What is the tens digit of v(l)?
4
Let v = 3 - 3. Suppose -5*d + 1 + 39 = v. What is the units digit of d?
8
Suppose 3*v = -4*f + 74 + 131, -f - 73 = -v. What is the units digit of v?
1
Let v = -107 - -151. What is the tens digit of v?
4
What is the units digit of (90/(-8))/((-9)/24)?
0
Suppose o = -4*o + 25. Suppose 3*z = -4*h + 29, -o*h + 17 = z - 0*z. Let l = 12 - z. What is the units digit of l?
5
Let b(j) = 46*j**2 - j. Let x = -2 - -1. What is the tens digit of b(x)?
4
Let r be ((-4)/10)/((-2)/(-30)). What is the units digit of 15/10*(-20)/r?
5
Suppose 0 = 5*n - 0*n - 130. Suppose -n - 19 = -3*u. What is the units digit of u?
5
Let q be 78/2*(-1)/(-3). Suppose 5*p - 3 = v + 1, 36 = 3*v + p. Suppose 0 = -4*k + v + q. What is the units digit of k?
6
Suppose -12 - 3 = -5*u. Suppose u*w - w = 122. Suppose 5*b + 1 = w. What is the tens digit of b?
1
Let w = 6 + -8. Let n be 13/2*w/(-1). Let t = n + -7. What is the units digit of t?
6
Let w(z) = z**2 - 7*z**3 + 0*z**2 - 1 + 3*z**3 - 6*z + 3. Let f(a) = 6*a**3 - 2*a**2 + 9*a - 3. Let k(n) = 5*f(n) + 7*w(n). What is the units digit of k(2)?
9
Let u = 8 - 2. Suppose 2*y - u*y + 32 = 0. What is the units digit of y?
8
Let y(d) = d**3 - 3*d**2 + d. Let j be y(2). What is the units digit of 15/j*36/(-15)?
8
Let s be 2/(-4)*64/(-4). Suppose 4*d = s*d - 92. What is the units digit of d?
3
Suppose x + 9 = 4*x + 3*v, 4*v - 20 = 4*x. What is the tens digit of 470/12 + x/6?
3
Let s(r) = 2*r**3 - 5*r + 4. Let u(d) = d + 12. Let j be u(-9). What is the tens digit of s(j)?
4
Let u be 5/((-30)/104)*3. Let t = u + 85. What is the units digit of t?
3
Let p(n) = 7*n + 13. Let d(f) = 13*f + 26. Let y(l) = -3*d(l) + 5*p(l). What is the tens digit of y(-6)?
1
Let b(c) = c**2 + 3*c - 12. What is the units digit of b(-9)?
2
Let u(p) be the second derivative of -p**4/12 - 7*p**3/6 + 11*p**2/2 + p. Let c be u(-8). Let l(d) = 6*d - 3. What is the units digit of l(c)?
5
Suppose c = j + 3*j + 18, -5*j - 19 = -c. Suppose -6*u = -c - 28. What is the units digit of u?
7
Suppose -3*s + d + 206 = 0, 2*s - 3*s + 67 = -2*d. Suppose s = 5*z - 3*v, 3*z - 4*v - 48 = -0*v. What is the units digit of z?
2
Suppose t + 5*x - 58 = 0, 5*x = -2*t - 0*x + 141. Suppose -3*p + 22 + t = 2*v, p + 2*v - 35 = 0. What is the units digit of p?
5
What is the tens digit of 2/(-2) + 7 + 22?
2
Let o = 3 - 0. Suppose 4*g - 90 = o*k, -3*k = 3 - 9. What is the tens digit of g?
2
Let f be 13 + -12 - (-53)/1. Suppose 2*l - f = -0*l. What is the tens digit of l?
2
What is the units digit of (-348)/(-5 - -2) + -4?
2
Let r be (4 - 0) + -1*2. Suppose -2*f - r*f = -16. What is the units digit of f?
4
Suppose 3*l + 0*h - 84 = -h, -h + 56 = 2*l. What is the tens digit of l?
2
Let w = 38 + -18. What is the units digit of (12/w)/((-1)/(-25))?
5
Let g = 7 + -4. What is the units digit of 14/6 - (-2)/g?
3
Suppose 13*z - 1652 - 740 = 0. What is the hundreds digit of z?
1
Let i(p) = p - 3. Let q be i(6). Suppose 0*m = q*m - 66. What is the units digit of m?
2
Let j be 2/8 + 18/(-8). Let k be (-7 - -2 - j)/1. What is the units digit of 2/k + (-78)/(-9)?
8
Let s(t) = 3*t + 3. Let f be s(-2). Let y = f - 10. Let h = y + 29. What is the units digit of h?
6
Let g = -27 + 196. What is the hundreds digit of g?
1
Suppose 0*j + 24 = 3*j. Suppose 5*s + j = -2. What is the tens digit of 2*(s + 15/2)?
1
Let n(c) = 46*c - 2. Let q be n(1). Suppose 4*t = z - q, -3*z + 3*t = t - 152. What is the tens digit of z?
5
Let d be 5/((-15)/6 - -3). Let s = 16 - d. What is the units digit of s?
6
Let r be (1 + -1)/(-2) - 2. Let a be (-18)/(-5) - r/5. Suppose -2*d + 18 = 3*m, -2*d + 5 + 19 = a*m. What is the units digit of m?
6
Let f be ((-2)/5)/((-5)/(-25)). Let l = f - -8. What is the units digit of l?
6
Let y be (-1)/(3/2 + -2). Suppose -y*x + 3*l = -4*x + 26, 5*l = 5*x - 40. What is the tens digit of x?
1
Suppose -124 = -4*h - 5*s + 51, 4*h - 3*s - 215 = 0. Suppose 2*p + 18 - h = 0. Suppose 0 = -4*v + a + 71, v - 5 = -3*a + p. What is the units digit of v?
8
Suppose 4*q - 2*q = 10. Suppose -3*z = -2*t + 9, -z + 0*t - q*t = 20. Let y(r) = -r**2 - 6*r + 1. What is the units digit of y(z)?
6
S